ase 14?
8
What is 8a (base 14) in base 2?
1111010
30 (base 15) to base 9
50
-5 (base 6) to base 16
-5
Convert -a6 (base 13) to base 12.
-b4
What is 3 (base 13) in base 16?
3
What is 114 (base 9) in base 16?
5e
Convert -113 (base 6) to base 13.
-36
What is 10 (base 4) in base 11?
4
What is -48 (base 13) in base 6?
-140
What is -56 (base 8) in base 4?
-232
6 (base 13) to base 15
6
What is 2a (base 12) in base 15?
24
115 (base 6) to base 10
47
110 (base 6) to base 7
60
Convert 0 (base 13) to base 5.
0
-1000 (base 2) to base 13
-8
-16b (base 12) to base 15
-102
1130 (base 4) to base 13
71
39 (base 14) to base 12
43
What is -1a (base 16) in base 2?
-11010
-10 (base 16) to base 3
-121
4 (base 11) to base 3
11
1110001 (base 2) to base 3
11012
Convert -15 (base 12) to base 8.
-21
What is 1 (base 7) in base 9?
1
Convert 1002 (base 5) to base 2.
1111111
Convert 4 (base 11) to base 9.
4
Convert -303 (base 5) to base 10.
-78
Convert -1311 (base 4) to base 16.
-75
Convert -101210 (base 3) to base 2.
-100100011
Convert -264 (base 7) to base 14.
-a4
-411 (base 7) to base 3
-21120
-43 (base 15) to base 5
-223
What is 20 (base 8) in base 7?
22
32 (base 4) to base 16
e
-6 (base 9) to base 16
-6
Convert 22 (base 3) to base 11.
8
What is -85 (base 14) in base 9?
-140
What is -52 (base 9) in base 7?
-65
Convert -25 (base 11) to base 2.
-11011
-7d (base 16) to base 3
-11122
What is -3 (base 13) in base 2?
-11
Convert -75 (base 12) to base 15.
-5e
2 (base 9) to base 16
2
What is -12 (base 13) in base 14?
-11
Convert 251 (base 7) to base 8.
206
What is 2 (base 3) in base 16?
2
10 (base 6) to base 11
6
34 (base 13) to base 10
43
What is -265 (base 8) in base 9?
-221
-e7 (base 15) to base 11
-188
Convert -5 (base 12) to base 8.
-5
What is -5 (base 9) in base 16?
-5
-22 (base 7) to base 15
-11
40 (base 13) to base 5
202
Convert 52 (base 12) to base 8.
76
What is 8 (base 16) in base 11?
8
What is -1 (base 7) in base 10?
-1
2 (base 5) to base 4
2
Convert -3 (base 5) to base 11.
-3
Convert 1034 (base 5) to base 16.
90
What is 114 (base 5) in base 13?
28
What is -423 (base 5) in base 4?
-1301
-62 (base 9) to base 12
-48
0 (base 9) to base 3
0
Convert 34 (base 8) to base 7.
40
What is -16 (base 8) in base 12?
-12
Convert 41 (base 5) to base 10.
21
What is 0 (base 6) in base 4?
0
Convert 0 (base 7) to base 12.
0
31 (base 5) to base 3
121
What is -100 (base 8) in base 15?
-44
What is -32 (base 14) in base 5?
-134
Convert 1011111 (base 2) to base 6.
235
What is -11 (base 2) in base 10?
-3
Convert 35 (base 7) to base 15.
1b
Convert -2 (base 4) to base 9.
-2
Convert 0 (base 2) to base 11.
0
24 (base 12) to base 4
130
Convert 0 (base 2) to base 11.
0
What is 112 (base 5) in base 15?
22
-c2 (base 14) to base 5
-1140
0 (base 3) to base 14
0
What is -10 (base 3) in base 15?
-3
2 (base 9) to base 14
2
What is 4 (base 16) in base 6?
4
What is -3 (base 8) in base 6?
-3
What is -3 (base 6) in base 5?
-3
What is -28 (base 14) in base 15?
-26
34 (base 11) to base 12
31
Convert 10011 (base 2) to base 4.
103
What is -21 (base 12) in base 6?
-41
What is -3 (base 8) in base 4?
-3
What is 21 (base 5) in base 9?
12
What is -1034 (base 5) in base 2?
-10010000
Convert -1010001 (base 2) to base 15.
-56
-10 (base 8) to base 10
-8
f (base 16) to base 2
1111
-6 (base 16) to base 7
-6
What is 122 (base 6) in base 14?
38
Convert -10001100 (base 2) to base 3.
-12012
30 (base 7) to base 11
1a
Convert -26 (base 14) to base 13.
-28
322 (base 4) to base 6
134
-1 (base 13) to base 3
-1
What is -157 (base 14) in base 12?
-1a9
Convert 72 (base 8) to base 12.
4a
What is 88 (base 13) in base 6?
304
Convert -11 (base 10) to base 11.
-10
Convert 11101 (base 2) to base 14.
21
What is 1 (base 14) in base 13?
1
Convert -262 (base 10) to base 4.
-10012
What is -106 (base 7) in base 15?
-3a
What is 101 (base 2) in base 15?
5
What is -2 (base 9) in base 4?
-2
What is 1 (base 14) in base 16?
1
Convert 120 (base 5) to base 15.
25
37 (base 16) to base 13
43
101 (base 4) to base 7
23
What is -12022 (base 3) in base 4?
-2033
What is -4a (base 14) in base 15?
-46
What is -4 (base 15) in base 4?
-10
10 (base 16) to base 9
17
Convert -1001 (base 2) to base 16.
-9
14 (base 6) to base 3
101
-3 (base 7) to base 6
-3
-f (base 16) to base 10
-15
-4 (base 15) to base 9
-4
What is -1 (base 10) in base 5?
-1
What is 3 (base 12) in base 13?
3
Convert -5 (base 12) to base 15.
-5
What is 111001 (base 2) in base 15?
3c
Convert -10011 (base 2) to base 6.
-31
Convert 1 (base 6) to base 12.
1
What is -7 (base 11) in base 9?
-7
222 (base 4) to base 10
42
Convert 82 (base 16) to base 2.
10000010
-4 (base 15) to base 14
-4
Convert -10 (base 3) to base 2.
-11
30 (base 11) to base 12
29
Convert 1 (base 10) to base 12.
1
Convert 205 (base 8) to base 3.
11221
What is -251 (base 8) in base 9?
-207
Convert 158 (base 11) to base 13.
112
What is 15 (base 6) in base 8?
13
-111111 (base 2) to base 14
-47
What is -102 (base 12) in base 3?
-12102
What is -2 (base 8) in base 3?
-2
What is d (base 16) in base 9?
14
What is 1011 (base 3) in base 13?
25
What is 41 (base 10) in base 15?
2b
What is -3 (base 4) in base 6?
-3
Convert 101000 (base 3) to base 11.
226
What is 2 (base 4) in base 8?
2
b (base 15) to base 5
21
Convert -6 (base 9) to base 7.
-6
-16 (base 10) to base 12
-14
-3 (base 13) to base 2
-11
42 (base 7) to base 11
28
16 (base 11) to base 15
12
26 (base 10) to base 13
20
What is -51 (base 14) in base 13?
-56
-333 (base 5) to base 14
-69
Convert 10 (base 14) to base 5.
24
What is -1001100 (base 2) in base 5?
-301
Convert -8 (base 16) to base 10.
-8
-116 (base 11) to base 9
-163
Convert 35 (base 12) to base 10.
41
What is -15 (base 15) in base 12?
-18
-1 (base 13) to base 7
-1
What is 2 (base 9) in base 8?
2
Convert -2 (base 13) to base 4.
-2
1102 (base 5) to base 13
b9
Convert -4 (base 11) to base 7.
-4
-1 (base 14) to base 6
-1
What is 5 (base 13) in base 15?
5
What is b (base 16) in base 9?
12
Convert -151 (base 6) to base 11.
-61
-9 (base 14) to base 3
-100
7 (base 9) to base 14
7
What is 0 (base 8) in base 6?
0
What is 3 (base 10) in base 14?
3
-1 (base 14) to base 2
-1
What is 1 (base 8) in base 14?
1
Convert 12 (base 3) to base 12.
5
1 (base 14) to base 3
1
What is 1 (base 4) in base 11?
1
2 (base 14) to base 4
2
Convert -58 (base 10) to base 7.
-112
32 (base 5) to base 3
122
Convert -31 (base 4) to base 6.
-21
-2 (base 5) to base 14
-2
What is 4 (base 14) in base 9?
4
Convert 14 (base 6) to base 15.
a
What is -100 (base 2) in base 11?
-4
1 (base 12) to base 7
1
Convert 44 (base 12) to base 14.
3a
Convert 3 (base 11) to base 8.
3
Convert -4 (base 16) to base 6.
-4
9 (base 12) to base 11
9
5 (base 14) to base 11
5
What is 15 (base 14) in base 2?
10011
What is -3 (base 13) in base 9?
-3
What is 21 (base 3) in base 14?
7
21 (base 10) to base 11
1a
What is 165 (base 7) in base 9?
116
Convert -23 (base 5) to base 15.
-d
-5 (base 8) to base 12
-5
Convert 101 (base 4) to base 15.
12
3 (base 11) to base 6
3
What is -240 (base 6) in base 12?
-80
What is 2 (base 11) in base 13?
2
What is 2 (base 7) in base 6?
2
23 (base 12) to base 9
30
What is -12 (base 3) in base 13?
-5
3 (base 13) to base 9
3
What is -14 (base 5) in base 4?
-21
Convert 62 (base 10) to base 9.
68
Convert 344 (base 5) to base 4.
1203
What is -16 (base 13) in base 3?
-201
-100 (base 2) to base 10
-4
10 (base 3) to base 2
11
What is 16 (base 16) in base 2?
10110
What is -50 (base 6) in base 4?
-132
Convert 86 (base 14) to base 12.
9a
What is -4 (base 15) in base 12?
-4
What is -9 (base 16) in base 8?
-11
Convert 10100 (base 3) to base 2.
1011010
22 (base 9) to base 10
20
Convert -2b (base 15) to base 7.
-56
Convert 0 (base 7) to base 15.
0
What is -35 (base 15) in base 3?
-1212
Convert -5 (base 8) to base 7.
-5
What is 18 (base 10) in base 5?
33
-22 (base 8) to base 2
-10010
Convert -3 (base 7) to base 10.
-3
What is 1 (base 5) in base 11?
1
-133 (base 7) to base 11
-67
6 (base 15) to base 5
11
What is 3 (base 16) in base 9?
3
Convert f (base 16) to base 8.
17
What is -20 (base 7) in base 2?
-1110
What is -226 (base 7) in base 8?
-166
What is 1 (base 3) in base 2?
1
What is 53 (base 8) in base 7?
61
What is -2 (base 4) in base 11?
-2
What is -13 (base 14) in base 5?
-32
What is 25 (b